). Let a(y) = 7*y**2 + 4*y - 9. Let z be a(-6). Let g = z - m. What are the prime factors of g?
3, 11
Let r be (5 - 4) + 6*17. Let h = 845 - r. List the prime factors of h.
2, 7, 53
Suppose 3*f - 149677 = -5*t, 2*t - 23273 = 5*f + 36635. List the prime factors of t.
7, 13, 47
Suppose 2*r - s - 59204 = 0, 63*r - 58*r = -5*s + 148055. List the prime factors of r.
5, 31, 191
Let k(p) = p**2 + 4*p - 67. Let b be k(10). Let d(x) = x**3 - x**2 + 6*x - 1. Let o be d(3). Let s = b + o. What are the prime factors of s?
2, 3
Suppose -2*t - 3*o + 32778 = 0, -96912 + 14946 = -5*t + 3*o. List the prime factors of t.
2, 3, 683
Let r(o) = o + 8. Let t be r(-3). Suppose 2205 = t*y + 2*s, 0 = 4*y - 6*s + 2*s - 1764. List the prime factors of y.
3, 7
Let a(p) = p**3 + 47*p**2 + 8*p - 415. What are the prime factors of a(-43)?
6637
Suppose -580 = -2*p - 0*p + 1270. List the prime factors of p.
5, 37
Let y = 71891 - 30973. List the prime factors of y.
2, 41, 499
What are the prime factors of (1 + (0 - 31))*(-91)/(16835/41218)?
2, 3, 557
Let w be (-18)/(-4) + 5 + 55/(-10). Suppose -4*o + p = -2327, 4*p = -w*o - p + 2333. What are the prime factors of o?
2, 3, 97
Let b(i) = 122*i - 4. Let g be b(4). Suppose 7*w - g - 41 = 0. List the prime factors of w.
3, 5
Suppose -2*f - 186 = -5*f. Let y = f + 31. Suppose 3*w - y = -3*g, 2*w = -4*g + 72 + 46. List the prime factors of g.
2, 7
Let b(a) = -a**3 - a + 89. Let f be 16/(16/4) - (0 + 1). Let j be (0 + (3 - 3))/f. List the prime factors of b(j).
89
Let k(f) = f**2 + 5*f - 5. Let d(w) = w**2 + 4*w - 4. Let r be (5/10)/((-2)/(-12)). Let o(a) = r*d(a) - 4*k(a). What are the prime factors of o(-8)?
2
Let u(a) = -27*a - 40. Let t = 111 + -114. What are the prime factors of u(t)?
41
Let j(i) = 4*i + 93. Let q be j(-5). What are the prime factors of (-131 + q)*(1 - 0 - 11)?
2, 5, 29
List the prime factors of 5149*(-1 - 0)*(-6 - -4).
2, 19, 271
Let k = 570 + -557. Let b(u) = 82*u - 215. What are the prime factors of b(k)?
23, 37
Suppose 29*i - 11435 = -5*b + 25*i, -4556 = -2*b + 2*i. What are the prime factors of b?
3, 761
Let c(s) = -s**3 - 40*s**2 - 111*s + 18. Let f be c(-37). Let l(q) = 3*q - 50. List the prime factors of l(f).
2
Suppose 0 = -19*x + 76 - 19. What are the prime factors of -5 + 94 + 9/x?
2, 23
Let c = -1743 + 2789. Suppose -c = -24*a + 130. List the prime factors of a.
7
Suppose -269 = -6*f + 493. Suppose -f = 4*r + 157. Let q = -28 - r. What are the prime factors of q?
43
Let j(r) = 16*r + 33. Suppose -16*w - 20 = -17*w. Suppose -4*i + 5*q + 65 = i, 0 = -5*q - w. What are the prime factors of j(i)?
3, 59
Let c be (-1 - (-3 + 3))*-281. Suppose -k + 45 = -4*j - c, -2*k - 3*j + 663 = 0. What are the prime factors of k?
2, 3, 5, 11
Suppose 25349 = 30*r - 332971 - 12960. List the prime factors of r.
2, 7, 13, 17
Let h(z) = -z**2 + 15*z - 5. Let c be 7/(-2)*312/(-91). Let a be h(c). Suppose a = -4*k + 67. List the prime factors of k.
3
Let t = 550 + -543. Suppose -j - 3*r + 1620 = -t*r, -2*j + 3212 = -r. What are the prime factors of j?
2, 401
Suppose 4 = -3*s + 10. List the prime factors of s/(2 - -12) - 8902/(-14).
2, 3, 53
Let k(n) = -2 - 1 + 10 + 58*n. What are the prime factors of k(2)?
3, 41
Let v(f) = -3 - 4*f + 108*f**2 + 78*f**2 - 15*f**2. Let n be v(-1). Suppose n = 4*y - 2*y. What are the prime factors of y?
2, 43
Let c = -53 - -38. Let b be 13/(78/(-4))*258. List the prime factors of c/10 + b/(-8).
2, 5
Suppose 0 = q + 3*j + 10, 2*q - q = j + 6. Suppose 0 = -a - q*r + 28, 4*r = -0 - 8. What are the prime factors of a + 8/(2/1)?
2, 3
Let z be ((-4)/6)/((-8)/4068). Let r = z - 171. List the prime factors of 1 + 2 + -1 + r + -4.
2, 83
What are the prime factors of (-7 + 11282 - 1) + 12?
2, 3, 11, 19
Suppose 0 = -2*r + 5*k + 8588 + 5734, 0 = -5*r - k + 35778. List the prime factors of r.
2, 1789
Suppose 17*u - 12*u - 1789 = -4*n, 0 = 3*n - 5*u - 1333. Suppose -5*t = 3*r - 1330, 0*t - n = -r - 3*t. What are the prime factors of r?
2, 5, 11
Let r = -19882 - -13081. List the prime factors of 2/(-30)*r + (-2)/5.
3, 151
Let x be 4576/91 + 2/(-7). Let h be 16/(-20)*3*x/12. Let t(z) = -27*z - 28. List the prime factors of t(h).
2, 11
Let n be 8/(-16) - (-3)/((-12)/46). Let g be (-26)/n - (-12)/(-72). What are the prime factors of (-41)/((-1)/(g + 3))?
5, 41
Let q(h) = 30*h**2 - 48*h - 206. List the prime factors of q(-10).
2, 1637
Let i(l) = -l**3 + 3*l**2 + 5*l + 2. Let u be (6/(-12))/(1/36). Let z be (6/9)/((-3)/u). What are the prime factors of i(z)?
2, 3
Let n(o) = 7*o**2 + 39*o - 29. What are the prime factors of n(13)?
11, 151
Suppose 32535 = -5*u + 5*r, 2*u + 3*r - 363 + 13357 = 0. What are the prime factors of 1 + u/(-7) + (2 - 3)?
929
Let r = 814 + 265. List the prime factors of r.
13, 83
List the prime factors of 309/63 + (-44)/(-21) + -2 - -7216.
3, 29, 83
Let y(q) = -q**2 + 31*q + 82. Let f be y(30). Suppose -111*i + f*i = 735. List the prime factors of i.
3, 5, 7
Let m(r) = r**2 + 5*r + 35. Let a = 64 + -82. Let f = a - -3. What are the prime factors of m(f)?
5, 37
Suppose 0 + 2 = k. Suppose 598*i - 600 = 586*i. Suppose -4*u + 32 = 4*v, -3*u - u + i = -k*v. What are the prime factors of u?
11
Suppose 4*l = 3*m - 7*m + 40, 0 = -l + 5*m - 14. Suppose w - l*w = -7865. List the prime factors of w.
11, 13
Let y = 266 + -90. Suppose 324 = -3*p - c - c, -3*p = c + 321. Let l = y + p. List the prime factors of l.
2, 5, 7
Suppose -2*i + 116358 = -2*i + 11*i. List the prime factors of i.
2, 3, 41, 43
Suppose 308717 = 156*x - 173323. List the prime factors of x.
2, 3, 5, 103
Let m(g) = -552*g - 930. List the prime factors of m(-8).
2, 3, 7, 83
Let h be ((-240)/(-140))/(-1 + 51/42). What are the prime factors of h + (-6264)/(-33) - 4/(-22)?
2, 3, 11
Let y = -232 - -204. Let b = y + 100. What are the prime factors of b?
2, 3
Suppose r + 0*r - 15 = 0. Suppose 2*z + r + 25 = 0. List the prime factors of 5/(z/(-74))*4.
2, 37
Let s be 4/(1 + 1179/(-1170)). List the prime factors of s/(-208)*-124*46/(-20).
23, 31
Let d(a) = 8*a**2 - 16*a - 29. Let s(u) = 7*u**2 - 16*u - 28. Let c(m) = -5*d(m) + 6*s(m). What are the prime factors of c(-10)?
337
Let k(p) = 372*p**2 + 114*p + 734. What are the prime factors of k(-8)?
2, 5, 17, 139
Suppose -14*z + 2033 = -2419. What are the prime factors of z?
2, 3, 53
Let q(x) = 10*x - 55. Let s be q(6). Suppose 3*i - y = -11, y - 41 = s*i + 5*y. What are the prime factors of i/((-50)/16)*(-500)/(-10)?
2, 5
Suppose 26 - 23 = s. Suppose r + s*h - 3 = 0, -3*r = 5*h + 1 + 2. Let o(x) = x**3 + 7*x**2 - 15*x - 20. What are the prime factors of o(r)?
2, 53
Let w(t) = -8*t - 35. Let b be ((-1)/(10/(-12)))/(2/5). Let g(h) = -4*h - 18. Let d(m) = b*w(m) - 5*g(m). List the prime factors of d(-6).
3
Let j be (-7)/(1 + 6) + -4. Let z(p) = -8*p**3 - p**2 - 27*p + 4. List the prime factors of z(j).
2, 557
Suppose -6*h - 83 = -h + 2*x, -h = 4*x + 31. Let o(f) = -18*f**3 + 17*f**2 + 9*f + 4*f + 19*f**3 + 9*f + 5. List the prime factors of o(h).
5
Suppose 0*c + 3*c + 2*h = 62, -h + 64 = 3*c. Suppose 0 = -c*s + 27*s - 7680. List the prime factors of s.
2, 3
Suppose -2*u + 4*w + 856 = 2*w, 0 = -3*u - 5*w + 1324. Suppose u + 3025 = 19*c. What are the prime factors of c?
2, 7, 13
Suppose -3*p + 279 = -3*r - 189, -156 = r - 2*p. Let y = -127 - -56. Let n = y - r. List the prime factors of n.
5, 17
Suppose -2*l - 53 = -3*q, 0*q = 2*q + 2*l - 42. List the prime factors of 74/703 - (-3456)/q.
2, 7, 13
Suppose 64 = y + 4*a - 6*a, 0 = -5*y - 2*a + 296. Let o(i) = -240*i - 5. Let w be o(-1). Let f = w - y. What are the prime factors of f?
5, 7
Suppose -376272 = 478*p - 514*p. What are the prime factors of p?
2, 3, 13, 67
Suppose -3*q = 2*s - 3*s - 39, -4*s + 12 = 0. Let r(a) = a**2 - 12*a - 12. Let d be r(q). Let c(n) = 8*n - 12. What are the prime factors of c(d)?
2, 29
Suppose -7296 = -4*z - 4*o + 13980, 0 = 2*z + 5*o - 10623. List the prime factors of z.
2, 11
Let i(h) = h**2 - 8*h + 2. Let d(f) = -3*f - 25. Let j be d(-11). Let t be i(j). Suppose t*k - 9*k + 252 = 0. What are the prime factors of k?
2, 3
Let n(r) = 356*r**2 - 109*r - 633. What are the prime factors of n(-7)?
2, 3, 29, 101
Suppose 1 = -3*q - 3*r + 7, 0 = 2*r - 4. Suppose q = m + 439 - 1348. What are the prime factors of m?
3, 101
Suppose 3